{"id":2,"date":"2009-01-04T20:48:02","date_gmt":"2009-01-04T19:48:02","guid":{"rendered":"http:\/\/www.grundschule-hambach.de\/?page_id=2"},"modified":"2020-06-13T15:59:19","modified_gmt":"2020-06-13T14:59:19","slug":"about","status":"publish","type":"page","link":"https:\/\/www.grundschule-hambach.de\/?page_id=2","title":{"rendered":"Impressum"},"content":{"rendered":"<p>Diensteanbieter dieses Internetangebots ist der<\/p>\n<p>Staatl. Schulamt im Auftrag des Schultr\u00e4gers f\u00fcr den Landkreis Bergstra\u00dfe und den Odenwaldkreis<br \/>\nWeiherhausstr. 8c<br \/>\n64646 Heppenheim<br \/>\nTel.: 06252 \/ 9964-0<\/p>\n<p>Kontakt und Adresse der Schule:<br \/>\nChristophorus-Grundschule Hambach<br \/>\nHambacher Tal 122<br \/>\n64646 Heppenheim<br \/>\nTel: 06252 \/ 75910<br \/>\nE-Mail:\u00a0christophorus-schule@kreis-bergstrasse.de<\/p>\n<p>Die Nutzung der hinterlegten Texte und Medien erfordert eine Vorabgenehmigung.<\/p>\n<p>Mit Urteil vom 12. Mai 1998 &#8211; 312 O 85\/98 &#8211; &#8222;Haftung f\u00fcr Links&#8220; hat das Landgericht (LG) Hamburg entschieden, dass man durch die Anbringung eines Links die Inhalte der gelinkten Seite ggf. mit zu verantworten hat. Dies kann &#8211; so das LG &#8211; nur dadurch verhindert werden, dass man sich ausdr\u00fccklich von diesen Inhalten distanziert.<br \/>\nHiermit distanzieren wir uns ausdr\u00fccklich von allen Inhalten aller gelinkten Seiten auf dieser Site. Diese Erkl\u00e4rung gilt f\u00fcr alle auf dieser Website untergebrachten Links.<\/p>\n<p>Diese Seite entspricht den datenschutzrechtlichen Anforderungen. Insbesondere werden zu keiner Zeit personenbezogenen Daten von Besuchern erhoben.<\/p>\n","protected":false},"excerpt":{"rendered":"<p>Diensteanbieter dieses Internetangebots ist der Staatl. Schulamt im Auftrag des Schultr\u00e4gers f\u00fcr den Landkreis Bergstra\u00dfe und den Odenwaldkreis Weiherhausstr. 8c 64646 Heppenheim Tel.: 06252 \/ 9964-0 Kontakt und Adresse der Schule: Christophorus-Grundschule Hambach Hambacher Tal 122 64646 Heppenheim Tel: 06252 \/ 75910 E-Mail:\u00a0christophorus-schule@kreis-bergstrasse.de Die Nutzung der hinterlegten Texte und Medien erfordert eine Vorabgenehmigung. Mit Urteil [&hellip;]<\/p>\n","protected":false},"author":1,"featured_media":0,"parent":0,"menu_order":10,"comment_status":"closed","ping_status":"closed","template":"","meta":{"footnotes":""},"class_list":["post-2","page","type-page","status-publish","hentry"],"_links":{"self":[{"href":"https:\/\/www.grundschule-hambach.de\/index.php?rest_route=\/wp\/v2\/pages\/2","targetHints":{"allow":["GET"]}}],"collection":[{"href":"https:\/\/www.grundschule-hambach.de\/index.php?rest_route=\/wp\/v2\/pages"}],"about":[{"href":"https:\/\/www.grundschule-hambach.de\/index.php?rest_route=\/wp\/v2\/types\/page"}],"author":[{"embeddable":true,"href":"https:\/\/www.grundschule-hambach.de\/index.php?rest_route=\/wp\/v2\/users\/1"}],"replies":[{"embeddable":true,"href":"https:\/\/www.grundschule-hambach.de\/index.php?rest_route=%2Fwp%2Fv2%2Fcomments&post=2"}],"version-history":[{"count":9,"href":"https:\/\/www.grundschule-hambach.de\/index.php?rest_route=\/wp\/v2\/pages\/2\/revisions"}],"predecessor-version":[{"id":1264,"href":"https:\/\/www.grundschule-hambach.de\/index.php?rest_route=\/wp\/v2\/pages\/2\/revisions\/1264"}],"wp:attachment":[{"href":"https:\/\/www.grundschule-hambach.de\/index.php?rest_route=%2Fwp%2Fv2%2Fmedia&parent=2"}],"curies":[{"name":"wp","href":"https:\/\/api.w.org\/{rel}","templated":true}]}}